)/20. Calculate the remainder when -32 + 32 - ((n - -1) + 0) is divided by 40.
36
Let x(n) = -n**3 + 43*n**2 - 108*n + 347. Calculate the remainder when x(40) is divided by 32.
27
Let k = -4524 - -4605. Calculate the remainder when k is divided by 7.
4
Suppose 0 = -3*u + y - 97 + 178, -14 = -u - 4*y. What is the remainder when 267 is divided by u?
7
Let x = 160 - 109. Suppose -49*z + x*z = 60. Calculate the remainder when (114/(-5))/((-6)/15) is divided by z.
27
Let m be 70*(-4)/32 - (-2)/(-8). Let c be (-1)/1*(m - 335). Suppose 0 = h - 3*v - 92, 5*h - 4*v = h + c. What is the remainder when h is divided by 17?
15
Let d(z) be the third derivative of z**6/15 - z**4/24 + z**3/2 - 2*z**2. Let v = -254 + 256. Calculate the remainder when d(v) is divided by 17.
14
What is the remainder when 344 is divided by 16*186/(-4)*(-170)/1020?
96
Suppose 52*h - 1739 - 2421 = 0. Suppose -2*d - 928 = -4*r, -r + 3*r + 5*d - 476 = 0. Calculate the remainder when r is divided by h.
73
Let g(d) = -d**3 + 6*d**2 + 12*d - 2. Let l(y) = y**2. Let h(z) = g(z) + l(z). What is the remainder when h(5) is divided by 37?
34
Suppose 5*k = 6*k - 2*p - 27, 4*k - 73 = p. Suppose -13*m + 270 = k*m. Calculate the remainder when 42 is divided by m.
6
Suppose -5*y = 39*p - 34*p - 1265, p = -3. Calculate the remainder when y is divided by 98.
60
Suppose 2*r + 5*x - 4138 = 0, -2*r = -x - 3562 - 552. Calculate the remainder when r is divided by 16.
11
Let y(u) = 3*u**2 - 2*u - 1. Let n = -182 - -354. Let s = n - 164. Calculate the remainder when s is divided by y(-1).
0
Let l = -77 + 130. Let z(t) = -2. Let y(a) = 5*a + 67. Let u(b) = 2*y(b) + 10*z(b). What is the remainder when l is divided by u(-10)?
11
Let r(l) = l**2 - 18*l + 4. Let s be r(18). Suppose s*b - b = -3*z - 195, 5*z = 3*b + 187. Let i = b - -74. What is the remainder when 19 is divided by i?
9
Let f = 10 - -175. Suppose -4*l + 5*i = -106, 71 = -5*l - 3*i + f. Calculate the remainder when 206 is divided by l.
14
Let l be 6/18 + ((-1280)/(-3) - -3). Let h = l + -316. What is the remainder when h is divided by 11?
4
Let c = -11961 + 12544. Calculate the remainder when c is divided by 52.
11
Let r(k) = -725*k**3 + 2*k**2 - 209*k - 626. Calculate the remainder when r(-3) is divided by 276.
274
Suppose -3*h + 16 = -8*l + 9*l, 4*l + h - 86 = 0. Let f = -13 + l. What is the remainder when 9 is divided by f?
0
Let p(l) = l**3 - 5*l**2 - 3*l + 5. Let m(o) = -22*o**3 - o**2 + 213*o + 435. Calculate the remainder when m(-2) is divided by p(6).
20
Suppose 4*o = -3*i + 789, -4*o - 2*i - 50 = -844. What is the remainder when 923 is divided by o?
119
Let i be (1/(-1))/((27/927)/3). Let r = -33 - i. Suppose 0 = -0*h + 5*h - 95. What is the remainder when r is divided by h?
13
Let f = 156 - 112. What is the remainder when 239 is divided by (-119)/(-4) + 11/f?
29
Let i(r) = r**3 - 92*r**2 - 74*r + 1352. Calculate the remainder when i(93) is divided by 22.
17
Let h = 8396 + -8281. Calculate the remainder when 1284 is divided by h.
19
Suppose -24*l + 34 + 230 = 0. Suppose 0 = -l*a + 12*a - 20. What is the remainder when 107 is divided by a?
7
Calculate the remainder when 2873 is divided by ((10 - (-7 + 8)) + -2 + -6)*137.
133
What is the remainder when 1775 - 105/49*-7 is divided by 22?
8
Let v be (8/(-3))/((-2)/18). Let g = v - 15. Let l(t) = -100*t - 2047. Calculate the remainder when l(-21) is divided by g.
8
Let y(d) = -d + 3. Let t be y(0). Suppose 48 = t*n + 5*z, -15 = 2*z + 3*z. Calculate the remainder when 50/1 - (6 + 6 + 1) is divided by n.
16
Let n be 6*(4 + (-30)/9). Suppose -3*j - 5*d - 135 = 0, -d + n*d - 209 = 4*j. What is the remainder when 38 is divided by ((-28)/(-70))/((-2)/j)?
8
Suppose -4*i = -5*l - 38, 2*i - 3*i + 4*l + 4 = 0. What is the remainder when 3*116/i + 12/6 is divided by 4?
3
Suppose -70*l + 74*l = 2*k + 8278, -l - 2*k + 2057 = 0. Calculate the remainder when l is divided by 188.
187
Let m be 326*(-3)/(-27) - 4/18. Suppose -34*c = -30*c - m. Calculate the remainder when (75/(-6))/(2/(-4)) is divided by c.
7
Suppose -q + 19 - 13 = 0. Suppose q*j - 324 = 96. Suppose -5*p - 5*y = -10, -3*p + y + y = -26. Calculate the remainder when j is divided by p.
4
Let n be ((-47)/(-3))/((-3)/(-9)*-1). Let l = n + 45. Calculate the remainder when 76 is divided by (l + -2)*(84/(-16) + 2).
11
Suppose -40 = -11*p + 8*p + w, 0 = -4*p + 2*w + 54. What is the remainder when 2079 is divided by p?
12
Let l = -302 - -335. What is the remainder when 121 is divided by l?
22
Let v(j) = 4*j**2 - 302*j + 287. Calculate the remainder when v(77) is divided by 14.
7
Suppose -10*j - 5*h = -11*j + 2212, 0 = -5*j - 6*h + 10874. Calculate the remainder when j is divided by 26.
24
Suppose 10*a + 997 = 4*c + 11*a, -2*c + 4*a + 494 = 0. Calculate the remainder when 1255 is divided by c.
10
Let y(b) = 3885*b**2 + 353*b - 1. Calculate the remainder when y(-1) is divided by 7.
3
Let f(a) = 2*a**2 - 7*a + 2. Calculate the remainder when -68*2*621/(-108) is divided by f(-5).
86
Let t(b) = -17*b - 26. Let h be (10/25)/(2/(-10)). Calculate the remainder when t(h) is divided by 3.
2
Let p(d) = 26*d - 2. Let f(m) = 4*m + 9. Let h be f(-1). Suppose 4*x - 28 = -4*q, 0 = 3*q - 5*q - h*x + 2. Calculate the remainder when p(3) is divided by q.
10
Let w be (-2 - (-27)/(-6))*(-34 - -32). Let u(r) = -r**2 + 23*r - 57. What is the remainder when u(w) is divided by 19?
16
Suppose 0 = 4*g - 0*g - 6*g. Suppose -5*j - 10 = g, 8*l - 4*l + 5*j - 670 = 0. What is the remainder when l is divided by 57?
56
Calculate the remainder when ((-217)/4)/((-1)/4) is divided by -10 + 15/3 - 5*882/(-105).
32
Let h be (-86)/18 - (11 + 1067/(-99)). What is the remainder when (-185)/30*15*2/h is divided by 8?
5
Let k = 18890 + -17944. What is the remainder when k is divided by 44?
22
Let x(n) = n**2 + 67*n + 1134. What is the remainder when 1718 is divided by x(-34)?
2
Suppose 2*f + 3*l = 3, 2*l + 2*l = 2*f - 10. Suppose p - 5*i - 35 = -4, 0 = f*p + 5*i - 13. What is the remainder when 19 is divided by p?
8
Suppose 34*r + 216 = 43*r. Let k(m) = 2*m**3 - 48*m**2 + 2*m + 56. Suppose 105 = 4*a - a. Calculate the remainder when k(r) is divided by a.
34
Let f = -3421 + 3882. Calculate the remainder when f is divided by 148.
17
Suppose z = 5*u - 1279, 136*u + 4*z - 1309 = 131*u. What is the remainder when u is divided by 46?
27
Suppose 5683 = 2*a + q, 4*a - 3*q + 7*q = 11372. Suppose 0 = 12*w - 22*w + a. What is the remainder when w is divided by 41?
38
Let o = -6 + 20. Let h(d) = -106*d**2 + 2*d - 2. Let m be h(1). Let r = m - -114. What is the remainder when o is divided by r?
6
Let p = -15 - -19. Let v = -37 + 42. Let g(a) = -a**3 + 5*a**2 + 6*a - 11. Calculate the remainder when g(v) is divided by p.
3
Let f(b) = 53*b**2 - 118*b + 10. Calculate the remainder when f(4) is divided by 47.
10
Let o be 0 + 3*81 + 2 + -2. Suppose 8*i - 213 - o = 0. Suppose 13*r - 4*m - 87 = 8*r, -5*r + 5*m + 90 = 0. Calculate the remainder when i is divided by r.
12
Let f(n) = -n**2 + 7*n + 32. Let u be f(10). Suppose u*o - 25 - 34 = 3*d, d = o - 27. What is the remainder when o is divided by 16?
6
Calculate the remainder when 254/((-16 - -3)/(-26)) is divided by 30.
28
Let v = -39 - -60. Let w(t) = -t**3 - 6*t**2 - 15*t - 13. Suppose -3*b + 5*c = 8, -2*b = 2*b - 3*c + 18. What is the remainder when w(b) is divided by v?
14
Calculate the remainder when 291 is divided by -8 - ((-180)/20 + -13).
11
Suppose 12 = -f + 4*f. Suppose 3*x - 5 = f, 4*y = -3*x + 105. Suppose -3*u - r = -20, -2*u + 33*r = 30*r - 17. What is the remainder when y is divided by u?
3
Let q(x) = 3*x**2 + 104*x + 722. What is the remainder when 6727 is divided by q(-9)?
28
What is the remainder when 763 is divided by 405/648 - 609/(-24)?
9
Let k = -6721 - -7081. Calculate the remainder when 1100 is divided by k.
20
Let y = 32917 + -32913. Calculate the remainder when (202 - -4)*3/6 is divided by y.
3
Let q be (-9 - 1)*(-14)/4. Suppose -29 = -230*a + 281*a + 73. Calculate the remainder when 702/7 + 5/q*a is divided by 28.
16
Let w(l) = 38*l - 327. Let z = 7 - 4. What is the remainder when (-510)/(-9) + (-2)/z is divided by w(9)?
11
Let t = -145 - -138. Let z(d) = 2*d**2 + 26*d + 134. Calculate the remainder when 98 is divided by z(t).
48
Su